Calculate -4 + (13 + -11 - 2).
-4
1 + -4 + 1 + -3 + 9
4
Evaluate 4 - 3 - (-5 + 10).
-4
Evaluate (-1 - -13) + -5 + 3.
10
What is 1 + (1 - 4) + 5 + 1?
4
7 + 3 + -2 + -5
3
Calculate 0 + -3 + (-3 - -7 - 0).
1
Evaluate -2 - -5 - (0 + -1 + 0).
4
-1 + 2 + (-5 - -2) - 3
-5
Calculate (6 - 10 - 0) + -1 + 5.
0
Evaluate 10 + (-4 + -9 - -4).
1
Calculate 0 - 1 - ((-9 - -7) + 8).
-7
What is (20 - 13) + (-2 - 0)?
5
Evaluate -5 - (2 + -2 + -2).
-3
Evaluate 4 + -5 - -2 - (-2 + 9).
-6
What is 2 - (1 - (-3 + -1) - 0)?
-3
What is 4 + 1 + (-3 - -3)?
5
(-1 - (8 - 1)) + 8 + -4
-4
What is 2 + -2 + 4 + -6?
-2
Calculate 6 - 8 - (1 - 2) - 1.
-2
-1 - -8 - (13 + 4 - 18)
8
Calculate -4 - (6 + -3) - -2 - 0.
-5
Evaluate -6 + (2 - (5 + -8 - -3)).
-4
What is -1 + 5 - (-5 - -5 - -1)?
3
Calculate (-8 - (-2 - 5)) + 6.
5
What is 0 + -1 + -3 + (8 - 3)?
1
What is (-2 - -3) + -3 + (2 - 6)?
-6
2 + -2 + 2 - (-81 - -88)
-5
Calculate 3 - 2 - -3 - (0 + 5).
-1
14 + -14 - (1 + 2)
-3
Calculate 0 - 2 - 2 - (-11 - 0).
7
4 - -2 - 3 - (0 - 1)
4
What is the value of (6 - (-6 + 10 + 3)) + 3?
2
(-5 - (4 - 3)) + 1
-5
-1 + (-3 - -7) + -3
0
Calculate -9 + -3 + -1 + 26 + -4.
9
-4 - ((-5 - -4) + -5)
2
Calculate -3 + (7 - 8) + (1 - 1).
-4
What is 3 + (3 - -3 - 14) + -1?
-6
Evaluate -4 - (2 + (3 - 10)).
1
Calculate (-7 - -3) + (-7 - -10) + 4.
3
What is the value of 14 + (9 - 18) + 1 + 0?
6
Evaluate (8 - (-9 - -13)) + -11.
-7
What is the value of 2 + (3 - 5) + 0?
0
(2 - -1) + 5 + -8
0
Evaluate 0 + 12 + -6 + (2 - 6).
2
Calculate 1 + (-2 + 1 - (-2 + -1)).
3
Evaluate -9 + 4 + 2 - (-2 + 1).
-2
Evaluate -6 + (4 + 0 + -4 - -7).
1
What is -3 + (-1 - (3 - 7)) - 4?
-4
Evaluate 2 + (3 - (4 - 5)).
6
Evaluate (-3 - 2) + (3 - -6).
4
Evaluate -1 + -3 + (-35 - -35).
-4
What is 3 - (3 + -1 + 4)?
-3
(-3 - (6 - 2)) + 0 + 2
-5
What is the value of (1 - 1) + -10 + -537 + 544?
-3
What is -3 - (1 + 0 + (0 - 2))?
-2
Calculate -10 + (-15 + 6 - -16).
-3
What is (-140 - -139) + (0 - -8)?
7
5 - ((-1 - 3) + 5 - -4)
0
1 - 0 - (-1 + 1)
1
What is the value of 0 + -5 + -1 - (-15 - -17)?
-8
Evaluate -4 - (0 + -1 + (-1 - -3)).
-5
What is the value of 9 - (4 + (0 - 0))?
5
Calculate (-13 - -2) + 1 - -11.
1
3 - 1 - (1 + 2)
-1
-4 + (-4 + 0 + 7 - -1)
0
What is the value of -9 - -16 - (3 + 2)?
2
What is the value of 30 + -13 - 11 - (8 + -1)?
-1
What is the value of 12 + -2 + 0 + -70 + 66?
6
Evaluate 0 - ((-6 - -5) + -2).
3
(-13 - -12) + (1 + 0 - -1)
1
What is -5 + (-3 + -2 - -3 - -13)?
6
Calculate 6 + (8 - 9) + -10.
-5
(-5 + 3 - 0) + (2 - -2)
2
Calculate (2 - (5 + -2)) + -2.
-3
Evaluate 0 - -4 - (-2 + 3 + -1).
4
(4 - -1) + -21 + 6
-10
What is the value of 5 + (1 - (-5 + 2)) + -6?
3
1 - (-2 - (-13 + 10))
0
Evaluate -9 + (1 - 3 - -8) + -2.
-5
(5 - (3 - -5)) + 6 + -3
0
What is -4 - -4 - (0 + 4)?
-4
Calculate (-5 - 2 - -4) + (-2 - 0).
-5
Calculate 2 - (9 - (13 - 0)).
6
-9 + 17 + -11 + 2 + 0
-1
What is 4 - ((-2 - -1) + -2 + 1)?
6
Calculate (-4 - -22 - 12) + -7.
-1
Calculate 2 + -6 + 3 + (-11 - -5).
-7
7 + -4 + 5 + -2
6
-4 + 7 - (-7 - -6) - -3
7
Evaluate 0 + -9 - (10 + -15).
-4
What is the value of 2 + (3 - 6 - -6)?
5
Calculate 7 - (12 - (5 + -10 + 5)).
-5
Evaluate -5 + -1 + -1 + 3 - 5.
-9
What is the value of 11 + (13 - 31 - -14)?
7
What is the value of (0 - (-6 - -11)) + -3?
-8
-7 - -9 - (1 + 0)
1
-3 - (-6 - (-3 - -1))
1
Evaluate (-15 - -6) + 10 + (7 - 1).
7
Evaluate -10 - (2 - 6) - -7.
1
What is (-6 - -1 - -8) + -3?
0
Evaluate (7 - 0) + -4 + 2.
5
Evaluate -14 + -5 + 12 + 13.
6
Evaluate -7 - (-2 - 8 - (-27 + 19)).
-5
-2 + 1 + 1 + -4
-4
What is 52 + -44 + -10 + -1?
-3
Evaluate 0 + (3 - 2) - (-1 - 0).
2
What is -2 + (-3 + -2 - -7)?
0
Calculate 3 - (3 + -1 + 6).
-5
Calculate (0 - 6) + -4 + 10.
0
What is -2 + 1 + -1 + -8 + 19?
9
Calculate -4 - ((-3 - 16) + 9).
6
1 - (7 + -5 + -3)
2
-1 + 1 - (-3 - -3)
0
What is 0 + -11 - (161 - 169)?
-3
What is (6 - (-2 + 2)) + -8?
-2
Evaluate 44 + -51 - (1 + -7).
-1
-1 + -2 + 0 - (1 - 6)
2
Calculate 8 - (4 + -8) - 8.
4
(3 - -2) + -11 + (-2 - -8)
0
Calculate 6 - (8 + -3 - 1 - 1).
3
What is -5 + -2 + 8 + (-1 - 11)?
-11
Evaluate 2 + (3 - (-1 - -3)) - 0.
3
-8 + (-8 + 17 - 1)
0
What is (-2 - -1) + (-22 - (-21 + 5))?
-7
Evaluate (8 - 2) + 13 + 2 + -16.
5
Calculate (-1 - (0 - -4)) + (-1 - -3).
-3
8 + 3 - 8 - (3 + -1)
1
-1 + 5 + (-4 - 0)
0
Calculate -3 + 9 + -4 + 1 + 0.
3
Calculate 5 + -5 + 2 + 2.
4
1 + (-1 + 1 - (19 - 22))
4
Calculate (31 - 30) + 3 + 3.
7
What is the value of -2 + (7 - 4) - 1?
0
-11 - (5 + -2 - 9)
-5
What is (-8 - -2) + -8 + (-3 - -10)?
-7
What is the value of -4 - -12 - (6 - -7)?
-5
What is 4 + -10 + -1 - (6 + -23)?
10
(2 + -5 - (0 + 0)) + -2
-5
Evaluate (0 - (-25 - -20)) + (0 - -2).
7
What is the value of -4 - -9 - (2 - 4 - -2)?
5
Calculate (-10 - -4) + 3 - (-9 + 0).
6
What is -7 - (-11 + 0) - 0?
4
Calculate -2 + (3 - (-5 + 7)).
-1
What is (5 - (4 + (2 - 2))) + 4?
5
0 + 2 - (13 - 6)
-5
What is (11 - 4) + 6 + (4 - 9)?
8
What is the value of (0 - -3) + 14 + -18?
-1
-3 - (-7 - (4 + (-9 - -5)))
4
Evaluate 2 + (0 + 5 - 9).
-2
Evaluate 1 - (-6 + (-3 - -9)).
1
Calculate 8 + -8 + -1 + 3.
2
Calculate 0 + (-2 - (9 + -6)).
-5
What is 10 + 16 + -7 + -19?
0
(-3 - (1 + -3)) + 3 + 1
3
Evaluate 17 + (2 - 10) + -15.
-6
What is the value of 2 - (-1 + -2 + 2)?
3
Evaluate (14 - 10) + (-1 - 5).
-2
What is the value of (4 - 1) + -3 + 4?
4
What is the value of -14 + 3 - (-15 - -4)?
0
Calculate (-2 - 1) + (-8 - (-14 - 1)).
4
What is -3 - ((6 - 0) + -4) - -5?
0
Calculate -13 - (-1 - (8 + -1)).
-5
What is the value of 3 + (2 - 1 - (-2 - -3))?
3
-12 + 11 - (2 + -2)
-1
6 + (2 + -9 - -1 - -4)
4
What is the value of 4 - (2 + -4 + (2 - -2))?
2
Evaluate -7 + -1 - (12 + -12).
-8
Calculate 4 + 5 - (1 + 4).
4
Evaluate 110 + -102 + -10 + -1.
-3
Calculate 0 + 0 + 15 + -16.
-1
Evaluate 9 - (-5 - (-11 + 2)).
5
What is the value of 11 - (4 - -4) - 9?
-6
What is the value of 1 - (-2 - (-3 - 0) - 0)?
0
What is -10 - (5 - (11 - 1))?
-5
1 + (-11 - (-1 + -4))
-5
What is the value of 5 - 6 - (1 + 2)?
-4
Evaluate -1 + -12 + 7 - (-9 + -6).
9
What is the value of -1 + (9 - (2 - -1))?
5
Calculate -89 + 91 + (1 + -13 - -2).
-8
What is (0 + 2 - (-30 - -43)) + 6?
-5
Evaluate 2 + 11 + (2 - 9) + -11.
-5
(10 - 7) + (4 - 4 - 1)
2
What is the value of (-1 - -4 - 1) + -1?
1
Calculate (5 - 10 - (-7 + 1)) + 2.
3
What is 7 + (1 - 4) - -1?
5
Calculate -6 - (1 - 5) - (0 - -1).
-3
What is -2 + 4 + (1 - 5)?
-2
Calculate -7 - (-6 + (6 - 2)).
-5
Calculate -4 + -2 - (-9 + (-3 - -8)).
-2
Calculate -4 + 10 + (1 - 5) + -2.
0
What is the value of 3 - ((-3 + 7 - 0) + -4)?
3
Calculate 0 - (-1 - (0 + (1 - -3))).
5
Evaluate -5 + 2 + 2 + 2.
1
Calculate -10 - ((11 - 18) + (-1 - -9)).
-11
What is -3 + 12 + -5 + -3?
1
What is the value of -5 - (3 + 0 + -3)?
-5
Calculate -2 + 2 - (0 + 3 + 0).
-3
Evaluate ((0 - 0) + -4 - 0) + 1.
-3
Calculate 6 - (11 + 1 - 13).
7
What is the value of 9 + -3 + -7 - -11?
10
Calculate -3 - (6 - -1 - 11).
1
What is 0 + (0 - 6) + -43 + 44?
-5
(-12 - -6) + 3 + 2
-1
What is 5 - (18 + -19 + (0 - -4))?
2
What is -5 + -2 + 3 - (-6 + 6)?
-4
What is the value of -2 + -3 + (-34 - -39)?
0
4 + -2 - -1 - (-98 + 92)
9
What is the value of 5 + (-5 - (8 + (1 - 12)))?
3
(-4 - -11 - 6) + 2
3
What is -3 + (2 + (1 - 0) - 0)?
0
Evaluate -4 + -20 + 11 + 5 + 2.
-6
Calculate -11 + 6 + (13 - (2 + 0)).
6
Calculate -4 - 3 - -8 - 5.
-4
Evaluate (4 - (1 - 0)) + 1 + 0.
4
Calculate (-6 - -6) + 4 + -7.
-3
Evaluate (-7 - -5 - -9) + (1 - 3).
5
13 - (15 - (7 - 10))
-5
What is 6 - 5 - (0 + -2 + -2)?
5
Evaluate (6 - (10 - 7)) + 3.
6
What is the value of (-17 - (-4 + -4)) + 12?
3
Evaluate 16 + -22 - (-1 - 3).
-2
Calculate 8 + 1 + (-4 - 0) + -6.
-1
What is 3 - (4 - -1 - -3)?
-5
1 + -7 + (153 - 144)
3
5 + (1 - 1) + (-52 - -53)
6
0 + -7 - (-18 + 7)
4
Evaluate (-3 - -2 - 2) + -1.
-4
Calculate -12 - -4 - 5 - -4.
-9
Evaluate 1 - (-3 - (-9 + 4)).
-1
What is the value of -7 + 3 - (-3 + -9 + 5)?
3
What is (-16 - -18) + 0 + -3 + 0?
-1
What is the value of -7 - (3 + (-7 - 0))?
-3
6 - (3 - (-8 - -8))
3
Evaluate 2 - (-3 - -8) - 4.
-7
What is the value of (1 + 0 - (-12 - -13)) + 3?
3
What is the value of 4 - (1 + 0 + 4 + -3)?
2
What is the value of -7 + 11 - (10 + -1)?
-5
Evaluate -8 - -5 - (-3 + 7).
-7
(-1 - -1) + (2 + 3 - 3)
2
What is the value of (35 - 30 - (1 + 5)) + 1?
0
What is -9 - -5 - 3 - -10?
3
-4